{"id":116,"date":"2018-02-19T12:21:32","date_gmt":"2018-02-19T11:21:32","guid":{"rendered":"http:\/\/warsztaty.ciszewski.eu\/?page_id=116"},"modified":"2018-03-06T23:05:55","modified_gmt":"2018-03-06T22:05:55","slug":"informacje-ogolne","status":"publish","type":"page","link":"http:\/\/warsztaty.ciszewski.eu\/index.php\/informacje-ogolne\/","title":{"rendered":"Informacje og\u00f3lne"},"content":{"rendered":"<p>Warsztaty dla projektant\u00f3w &#8222;Projektowanie budynk\u00f3w z optymalnymi rozwi\u0105zaniami przeciwpo\u017carowymi&#8221;<\/p>\n<p>Czego Projektanci dowiedz\u0105 si\u0119 podczas warsztat\u00f3w :<br \/>\n1. Poka\u017cemy Pa\u0144stwu po\u017cary i om\u00f3wimy ich wp\u0142yw na projektowane przez Was elementy. Czyli poka\u017cemy sens przepis\u00f3w a nie ich liter\u0119.<br \/>\n2. Poka\u017cemy dlaczego elementy, kt\u00f3rych architekci tak bardzo nie lubi\u0105 czyli pasy mi\u0119dzykondygnacyjne wp\u0142ywaj\u0105 na bezpiecze\u0144stwo budynku oraz co zrobi\u0107, \u017ceby by\u0142o bezpiecznie a wizja architekta zachowana.<br \/>\n3. Poka\u017cemy r\u00f3\u017cne rozwi\u0105zania dr\u00f3g po\u017carowych. Bo oczywi\u015bcie, \u017ce chcemy, aby obiekty mia\u0142y drogi po\u017carowe, ale nie chcemy samych plac\u00f3w manewrowych zamiast park\u00f3w i skwer\u00f3w.<br \/>\n4. Poka\u017cemy jak na wst\u0119pnym etapie projektowym w 10 sekund<span class=\"text_exposed_show\">, zgrubnie oszacowa\u0107 g\u0119sto\u015b\u0107 obci\u0105\u017cenia ogniowego strefy po\u017carowej.<br \/>\n5. Poka\u017cemy jak czasem drobne niedopowiedzenia w projekcie mog\u0105 spowodowa\u0107 katastrof\u0119 na odbiorze PSP<br \/>\n6. Poka\u017cemy kiedy projektantowi powinny w\u0142\u0105cza\u0107 si\u0119 lampki ostrzegawcze przed podpisaniem umowy<br \/>\n7. I wiele innych zagadnie\u0144.<\/span><\/p>\n<p>Dlaczego warsztaty i kto b\u0119dzie je prowadzi\u0142?<\/p>\n<p>W tym roku mija 20 rocznica uzgadniania przeze mnie dokumentacji projektowej w zakresie ochrony przeciwpo\u017carowej. Te 20 lat nauczy\u0142o mnie m.in. szacunku wobec procesu projektowania i realizacji budynku oraz zakresu zada\u0144 jakie musz\u0105 zrealizowa\u0107 projektanci.<br \/>\nRazem z moim zespo\u0142em czyli firm\u0105 Garda du\u017co pracujemy przy uzgadnianiu dokumentacji, ale r\u00f3wnie\u017c bardzo wiele czasu sp\u0119dzamy na budowach. Widzimy jak nasze zapisy i wymagania przek\u0142adaj\u0105 si\u0119 na tamt\u0105 rzeczywisto\u015b\u0107. Wiedza praktyczna sprawia, \u017ce zar\u00f3wno ja, jak i m\u00f3j Zesp\u00f3\u0142 mamy \u015bwiadomo\u015b\u0107, \u017ce ochrona przeciwpo\u017carowa jest oczywi\u015bcie bardzo wa\u017cnym, ale jednak jednym z wielu element\u00f3w. Elementem, a nie podmiotem.<\/p>\n<p>\u017beby osi\u0105gn\u0105\u0107 wsp\u00f3lny cel, czyli bezpieczny, funkcjonalny i \u0142adny budynek wszystkie elementy musz\u0105 ze sob\u0105 wsp\u00f3\u0142pracowa\u0107. W\u0142a\u015bnie o tym jak wkomponowa\u0107 ochron\u0119 przeciwpo\u017carow\u0105 w ca\u0142y proces b\u0119d\u0105 warsztaty. Zorganizowane i prowadzone przez praktyk\u00f3w- czyli zesp\u00f3\u0142 Gardy pod moim kierownictwem &#8211; dla praktyk\u00f3w. Jak (nomen omen) ognia b\u0119dziemy unika\u0107 rozwa\u017ca\u0144 akademickich .<br \/>\nW tym zakresie w mojej ocenie ci\u0105gle funkcjonuje w kraju tak wiele mit\u00f3w, nieporozumie\u0144 i niedom\u00f3wie\u0144, a na rynku szkole\u0144 przedstawiane s\u0105 zagadnienia ppo\u017c. oderwane od praktyki, \u017ce takie warsztaty pomog\u0105, mam nadziej\u0119, we wzajemnym zrozumieniu i usprawni\u0105 proces projektowy.<\/p>\n<p>ZAPISY I REJESTRACJA<\/p>\n<p><a href=\"http:\/\/warsztaty.ciszewski.eu\/index.php\/rejestracja\/\">Informacje dotycz\u0105ce rejestracji dost\u0119pne s\u0105 tutaj.<\/a><\/p>\n<p>&nbsp;<\/p>\n<p>Pawe\u0142 Ciszewski<br \/>\nrzeczoznawca ds. zabezpiecze\u0144 przeciwpo\u017carowych<\/p>\n","protected":false},"excerpt":{"rendered":"<p>Warsztaty dla projektant\u00f3w &#8222;Projektowanie budynk\u00f3w z optymalnymi rozwi\u0105zaniami przeciwpo\u017carowymi&#8221; Czego Projektanci dowiedz\u0105 si\u0119 podczas warsztat\u00f3w : 1. Poka\u017cemy Pa\u0144stwu po\u017cary&nbsp;[&hellip;]<\/p>\n","protected":false},"author":1,"featured_media":0,"parent":0,"menu_order":0,"comment_status":"closed","ping_status":"closed","template":"","meta":{"footnotes":""},"class_list":["post-116","page","type-page","status-publish","hentry","post-item clearfix"],"_links":{"self":[{"href":"http:\/\/warsztaty.ciszewski.eu\/index.php\/wp-json\/wp\/v2\/pages\/116","targetHints":{"allow":["GET"]}}],"collection":[{"href":"http:\/\/warsztaty.ciszewski.eu\/index.php\/wp-json\/wp\/v2\/pages"}],"about":[{"href":"http:\/\/warsztaty.ciszewski.eu\/index.php\/wp-json\/wp\/v2\/types\/page"}],"author":[{"embeddable":true,"href":"http:\/\/warsztaty.ciszewski.eu\/index.php\/wp-json\/wp\/v2\/users\/1"}],"replies":[{"embeddable":true,"href":"http:\/\/warsztaty.ciszewski.eu\/index.php\/wp-json\/wp\/v2\/comments?post=116"}],"version-history":[{"count":6,"href":"http:\/\/warsztaty.ciszewski.eu\/index.php\/wp-json\/wp\/v2\/pages\/116\/revisions"}],"predecessor-version":[{"id":278,"href":"http:\/\/warsztaty.ciszewski.eu\/index.php\/wp-json\/wp\/v2\/pages\/116\/revisions\/278"}],"wp:attachment":[{"href":"http:\/\/warsztaty.ciszewski.eu\/index.php\/wp-json\/wp\/v2\/media?parent=116"}],"curies":[{"name":"wp","href":"https:\/\/api.w.org\/{rel}","templated":true}]}}